be the third derivative of a(t). What is y(11)?
8
Let i be 5 - (-3 + 3 + -1). Suppose 0 = 4*m - 7*m + i. Let z(u) = u**m - 9 + 2 - u + 4*u. What is z(-5)?
3
Let j(t) be the first derivative of -t**4/4 + 4*t**3/3 - t**2/2 + 3*t + 1. Suppose k = 2*k - 13. Let s = k + -10. Calculate j(s).
9
Let n be (-455)/14 + (-3)/(-6). Let f = 28 + n. Let k(v) = -v**3 - 4*v**2 - v + 3. What is k(f)?
7
Let z(q) = 84*q - 28*q + 3 - 29*q - 28*q. Determine z(3).
0
Suppose -2*r - 35 = -41. Let l(f) be the first derivative of 1/2*f**2 - 1/4*f**4 - 9*f - 7 + 3*f**r. Give l(9).
0
Let s(h) = 0*h + 9 + 4*h - 5*h. Suppose -3*u + 28 = 25. Suppose a - u = -8*o + 7*o, -4*a = 20. Calculate s(o).
3
Let m(r) = 6*r - 7. Suppose 0*t = 4*t - y - 29, 3*t - 38 = 4*y. Calculate m(t).
29
Let f(z) = -z**2 + 13*z - 7. Let a be f(13). Let m(u) = 5*u - 5 + u**2 + u**2 + 9*u**3 - 10*u**3 - 8*u**2. Determine m(a).
9
Let t(g) = -g - 2. Suppose 30*h - 11 = 49. Let o(y) = -1. Suppose -5*c - 2*m - 44 = -0*c, 4*c = 5*m - 55. Let k(j) = c*o(j) + h*t(j). Give k(4).
-2
Suppose n + 4 = -l, 5*n = 4 - 19. Let b(p) = 26*p + 2. Determine b(l).
-24
Let q(x) = 7*x**3 - 11*x**2 + 16*x + 5. Let b(s) = -3*s**3 + 6*s**2 - 8*s - 3. Let u(f) = -5*b(f) - 2*q(f). Let l be (13 - 14)/((-4)/24). Calculate u(l).
-19
Suppose 3*j = -t + 9, t + 4*j - 6 = 2*j. Suppose 5*i + 26 - 16 = t. Let p(r) = r**2 + r - 2. Determine p(i).
0
Let w(i) = 4*i**2 - 2*i. Let n(h) = -h**3 + 7*h**2 - 5*h - 8. Let l be n(6). Calculate w(l).
20
Let b be 2 - 10/1 - -27. Let f(k) = -k - 3. Determine f(b).
-22
Let y(j) = 2*j**3 + 54*j**2 - 118*j - 60. Let v be y(-29). Let i(g) = g - 7. What is i(v)?
-9
Suppose -5*s + 3 = 13. Let k be (-56)/(-30) - s/15. Let g(j) = -j**3 - j - 6*j**2 - 4*j - 2*j - k*j**2 - 5. Give g(-7).
-5
Let m(t) = -4*t**3 + t**2. Let x be m(-1). Let i(y) = -y - 4 - 1 - 2 + x. Calculate i(-5).
3
Let l be (-2)/(-1 - 0) + -17 + 19. Let f(j) be the second derivative of -7/12*j**l - 9/2*j**2 - 4/3*j**3 + 0 - 1/20*j**5 + 6*j. Give f(-6).
3
Let x(j) be the first derivative of 3*j**2/2 + 55*j + 180. Give x(-18).
1
Let j(u) be the second derivative of -u**4/12 - u**3/3 - 3*u**2/2 + 7*u + 4. Give j(-2).
-3
Let m(v) = v**3 + 9. Let f(r) = r**3 - 10*r**2 + 21*r + 18. Let s be f(6). Give m(s).
9
Let i(a) be the first derivative of -a**2/2 - a + 108. Determine i(1).
-2
Let p(j) be the third derivative of 0*j + 1/6*j**3 + 0 - 6*j**2 - 1/12*j**4. Calculate p(-1).
3
Let x(t) = -t**3 + 6*t**2 - 9*t. Let u be x(3). Suppose z = 3*c - 12, -12 = -3*z - 3*c - 0*c. Let y(q) = q**3 + z*q - 7 + 0*q + q**2 + 0*q. Give y(u).
-7
Let s(u) = -u**2 - 4*u + 7. Let h be ((-15)/(-10))/(-1*9/(-12)). Suppose h*r = 9*r + 35. What is s(r)?
2
Let t(p) = p**3 + 6*p**2 - 2. Let x(c) be the second derivative of c**3/3 - 3*c**2 + 6*c. Let l be x(0). Let s = l + 0. Give t(s).
-2
Let x(y) = y - 1. Let w(c) = -5*c + 20. Let a(d) = w(d) + 4*x(d). What is a(18)?
-2
Let t(h) = -5*h + h - 10*h**2 + h**2 + 1 + h**3 + h**2 + 7*h**2. Determine t(-2).
-3
Let l(p) = -p**3 + 3*p**2 - 3. Let f be l(3). Let r = f + 15. Let b(x) = 2*x - 5 + 3 - x**3 + r - 7*x**2. What is b(-7)?
-4
Let y(q) be the third derivative of q**5/60 + q**4/4 + q**3/6 - 105*q**2. Calculate y(-6).
1
Let k(a) = a. Let y(f) = -3*f - 5. Let m(p) = -3*p - 6. Let q(i) = -3*m(i) + 2*y(i). Let n be q(-4). Let u be ((-2)/n)/((-7)/70). Give k(u).
-5
Let d(z) = -122*z + 19. Let n(j) = 43*j - 6. Let w(a) = -6*d(a) - 17*n(a). Calculate w(12).
0
Let j = 1 + -1. Let v(m) = 15*m**2 + 2*m - 15. Let z(c) = -7*c**2 - c + 7. Let y = -44 + 50. Let a(n) = y*v(n) + 13*z(n). What is a(j)?
1
Let t(d) = -3*d - 13 + 4*d**2 - 15 + 27 - d**3 - 3. Suppose 3*n + 3 = 12. Determine t(n).
-4
Let q(m) = -m + 1 - 4 + 4. Let p(u) = 9. Let a(i) = p(i) - q(i). Give a(-6).
2
Suppose 38 - 6 = -2*s. Let y(k) = k**3 + 18*k**2 + 32*k - 2. Give y(s).
-2
Suppose 6 = -4*v + 2, -2*m - 3*v + 3 = 0. Let s(j) = -3*j + 4. Calculate s(m).
-5
Let f(s) = s**3 - 27*s**2 - 203*s - 25. Let h be f(-6). Let g(w) = -4*w**2 + w**3 - 4*w - w + w - 3. Determine g(h).
2
Let k = 819 - 1635/2. Let w(j) be the first derivative of -k*j**2 + 2 - 2*j - 1/3*j**3. Calculate w(-3).
-2
Let u(y) = y**3 - 14*y**2 + 12*y + 1. Let n = -58 - -71. Let l be u(n). Let h(i) = i + 7. What is h(l)?
-5
Suppose 5 = s + 4. Let q be (-2 + s)/((-5)/25). Suppose -q*r = -4*j + 1 + 2, 0 = -r + 3*j - 5. Let u(k) = -7*k**2 + 1. Give u(r).
-6
Let d(r) be the first derivative of r**4/4 + 7*r**3/3 + 4*r - 247. Give d(-7).
4
Let z(n) = -n**2 - 5*n - 27. Let v(c) = -c**2 + c - 7. Let m(u) = 2*v(u) - z(u). What is m(9)?
-5
Let l(n) = 3*n - 7. Let f be 15 + (-8 - (1 + -5)). Suppose -14*x + f*x + 15 = 0. Determine l(x).
8
Let r(l) be the second derivative of -l**4/12 - l**3/3 + 7*l**2/2 + l. Let c be (1/5)/(9/90). Suppose -2*p + 3*t = 4, 0 = p + c*t - 0 + 9. Calculate r(p).
-8
Let c be (-25)/(-10)*(30/3)/5. Let q(a) = -a**3 + 6*a**2 + 2*a + 1. What is q(c)?
36
Let w(g) = 12*g**3 - 3*g**2 + 3. Let i(j) = 18*j**3 - 4*j**2 + 4. Suppose 15 = -h + 2*n, 4*h = 2*n - 31 + 1. Let r(l) = h*i(l) + 7*w(l). Calculate r(1).
-6
Let d(x) = 6*x + 1. Let q be ((-4)/(-5) - 2)*(-15)/3. Suppose 10*c - q*c - 4 = 0. Give d(c).
7
Let r = 52 - 50. Let j be ((-8)/(-10))/((-2)/(-10)). Suppose r*b - b = j. Let f(i) = -i + 7. Give f(b).
3
Let u(i) = i**3 - 25*i**2 - 13*i + 19. Let q(l) = 4*l**2 + 2*l - 3. Let v(k) = 13*q(k) + 2*u(k). Calculate v(1).
3
Let p be 4/(-42)*-7*-6. Let w(c) = -4*c**2 - 3*c + 4. Let d(r) = -r**2 - r + 1. Let t(q) = -5*d(q) + w(q). What is t(p)?
7
Let x(v) = 5*v**3 + 6*v**2 - 3*v. Let o(m) = m**3 - m + 1. Let y(i) = 4*o(i) - x(i). Let c = -72 + 66. Give y(c).
10
Let l(b) = 9*b - 17. Let i(v) = 2*v + 1. Let g(j) = -4*i(j) + l(j). Give g(10).
-11
Let m(j) = j - 9. Let w(t) = -t + 120*t**2 + t**3 - 3*t + t - 117*t**2. Let x be w(-3). What is m(x)?
0
Let b(z) = 4*z**3 + 9*z**2 - 8*z + 4. Let x(f) = -6*f**3 - 14*f**2 + 13*f - 7. Let q(k) = 8*b(k) + 5*x(k). Calculate q(2).
23
Let a(g) = -3*g + 3. Let u = -51 - -13. Let t be u/(-8) + (-2)/(-8). Suppose -15 + 0 = -t*h. Calculate a(h).
-6
Let m be 42/(-84) - (-5)/(-2). Let p(r) = r**3 - 16*r + 19*r + 3*r**2 + 3 - 5. What is p(m)?
-11
Let b(m) = -m**3 - 6*m**2 - 3*m + 3. Let k be (-1)/(8/6) - 441/84. Give b(k).
21
Let w = -277 - -273. Let j(k) = k - 3. What is j(w)?
-7
Let u(k) = -k - 1. Let j be 19/(-6) - ((-65)/30 - -2). Let f(s) = -2*s - 5. Let g(q) = j*u(q) + f(q). Calculate g(0).
-2
Let v(x) = 3*x - 3. Let k be v(3). Let j(n) = -n**2 + 9*n - 21. Let i be j(k). Let m(q) = -q - 6. What is m(i)?
-3
Let j(q) be the first derivative of -q**3/6 - 7*q**2 + 30*q - 26. Let g(o) be the first derivative of j(o). What is g(0)?
-14
Let v(b) be the second derivative of -11*b**5/20 - b**3/3 - b**2/2 - b. Let a = -1018 - -1017. Calculate v(a).
12
Let l = 3 + 2. Suppose -l*a + a + 20 = -3*b, 5*b - a + 39 = 0. Let w(u) = u**3 + 7*u**2 - 7*u + 8. Calculate w(b).
0
Let r be 476/126 - (-2)/9. Let n(l) = -r - 4*l + 3*l - 8 + 0*l. Determine n(-9).
-3
Suppose -3*h + 5*c + 18 = 0, c - 38 = -4*h + 3*c. Let i(o) = -o**3 + 16*o**2 + 21*o - 3. Let p(d) = 2*d**2 + 3*d + 1. Let s(t) = -i(t) + 3*p(t). Give s(h).
-5
Let t(a) = 635032 - 635043 - 2*a**3 + 8*a**2 + a + 3*a**3. Let b(u) = -u**2 + u - 8. Let h be b(0). Give t(h).
-19
Let q(v) = 2*v - 3. Suppose 18*g = 47*g + 116. Calculate q(g).
-11
Let n(g) be the third derivative of g**6/24 + g**4/24 + g**3/3 - 501*g**2. Give n(-1).
-4
Let u(y) = -4*y**2 + 0*y**2 + 5*y**2. Let s(o) = -o**3 + 3*o**2 - 1. Let q(r) = -s(r) + 3*u(r). Let l = 323 - 325. Calculate q(l).
-7
Let y be 4/132*-11*(-2 + -7). Let m(p) = p**2 - p + 2. Let q be m(0). Let j(u) = q - u - 3*u + 2. Determine j(y).
-8
Let n(x) be the second derivative of 7/2*x**2 + 0 + 10*x - 1/6*x**3. Calculate n(-5).
12
Let d(p) = 4*p**3 - p**2 - 4*p. Let n(h) = -3*h**3 + 3*h. Let y(w) = -w - 3. Let v be y(0). Let o(k) = v*n(k) - 2*d(k). What is o(1)?
2
Let k = -8 - -5. Let p(o) = 3*o + 7. Let s be p(k). Let i(n) = n. Let y(x) = 3*x - 11. Let q(j) = s*i(j) + y(j). Give q(6).
-5
Suppose 0 = 2*g + 4*m + 8, 2*g - 3*m - 11 = g. Let o(d) = -d**2 + d + g*d**2 + 3*d - 5*d. Determine o(2).
2
Let r(b) be the third derivative of -b**5/120 - b**4/4 + 5*b**3/6 + b**2. Let x(g) be the first derivative of r(g). Let 